se 15, what is -34e44b - b2?
-34e50d
In base 8, what is 6306 + 3014?
11322
In base 10, what is 6 + 4886153?
4886159
In base 3, what is -11 + -2021220110102?
-2021220110120
In base 14, what is -10129 - 6c4?
-1080d
In base 11, what is -5 - -a78516?
a78511
In base 9, what is 63361681 + 5?
63361686
In base 8, what is -6 - 61110105?
-61110113
In base 12, what is -4 - 9184437?
-918443b
In base 15, what is -3b7 - de8?
-12b0
In base 6, what is 12 - -14003210?
14003222
In base 5, what is -3 - 201144320?
-201144323
In base 14, what is -197cb138 - 4?
-197cb13c
In base 15, what is -18d73 + -a8?
-18e2b
In base 9, what is 27637501 + -10?
27637481
In base 14, what is 28866 - -195?
28a1b
In base 11, what is 241 - -356aa?
35940
In base 5, what is 11302002 - 124?
11301323
In base 8, what is -3 + 32015436?
32015433
In base 2, what is -1011100000 - -1111000101000001011?
1111000011100101011
In base 15, what is 432 + 1c21?
2153
In base 11, what is -2 + 1020447?
1020445
In base 4, what is -211120001 - 1111?
-211121112
In base 12, what is -42 + 35a8941?
35a88bb
In base 16, what is eb - 367a9?
-366be
In base 2, what is 100010 - -1001001011101110101010?
1001001011101111001100
In base 12, what is 5991a2 + 247?
599429
In base 7, what is -354 + 326013?
325326
In base 2, what is -1011001000000101110010111 - 100?
-1011001000000101110011011
In base 5, what is -2 - -22014411?
22014404
In base 10, what is 28 - 693222?
-693194
In base 15, what is -3 - -29d241?
29d23d
In base 16, what is dc + c34d3?
c35af
In base 15, what is 1 + -47accd1?
-47accd0
In base 10, what is 10 + -47627798?
-47627788
In base 15, what is 817 - 158d?
-c76
In base 2, what is 110100100000000101 + -11000000?
110100011101000101
In base 15, what is -74a - -a929?
a1ce
In base 10, what is -625536 - 65?
-625601
In base 12, what is -19474 - -ab?
-19385
In base 8, what is -1 + 322040130?
322040127
In base 6, what is 123151 + -21233?
101514
In base 11, what is 79 + -276003?
-275a35
In base 2, what is 10 - -101110011111100101010000?
101110011111100101010010
In base 8, what is -2707 + 2104614?
2101705
In base 10, what is 9 + 400042?
400051
In base 15, what is 1 + -258b752?
-258b751
In base 14, what is 411a - 38ab?
64d
In base 6, what is -11414313 + 2435?
-11411434
In base 16, what is 3ae + 59712?
59ac0
In base 2, what is 101010000 + -1110010101111110?
-1110010000101110
In base 14, what is 28b - 34a763?
-34a4b6
In base 9, what is 4153688 - 0?
4153688
In base 15, what is 106b80ee - -2?
106b8101
In base 5, what is 113111 - -10321243?
10434404
In base 2, what is -1000100011101010000 - -10100?
-1000100011100111100
In base 11, what is -2 - 10615150?
-10615152
In base 13, what is 2 + -498198?
-498196
In base 15, what is -11aa719 - -1?
-11aa718
In base 16, what is 11acc1c - -3?
11acc1f
In base 16, what is 59a50 - -12c?
59b7c
In base 10, what is 171729 + -7?
171722
In base 3, what is 221202100 - 2022011?
212110012
In base 6, what is -32153111054 - -1?
-32153111053
In base 2, what is 101011001001010111101 - -10000?
101011001001011001101
In base 10, what is 3 + -70101868?
-70101865
In base 13, what is 3b13 + -54aa?
-1697
In base 7, what is -5 + -62212431?
-62212436
In base 7, what is 104 - 16520233?
-16520126
In base 12, what is -2 + 203b6762?
203b6760
In base 8, what is 403 + -21123?
-20520
In base 6, what is -31030 - -50?
-30540
In base 13, what is -57 - -12992?
12938
In base 6, what is 312 + 141022?
141334
In base 8, what is -63724 - 1733?
-65657
In base 4, what is -101320 - -112233?
10313
In base 3, what is -20010001121 - 100101?
-20010101222
In base 12, what is 10588a + -b?
10587b
In base 6, what is 1400011 - 33445?
1322122
In base 14, what is -105 - 9b70?
-9c75
In base 2, what is -110001100000110011 + 10001000?
-110001011110101011
In base 4, what is -220010221 - -12?
-220010203
In base 13, what is -3 - 2a2b0370?
-2a2b0373
In base 16, what is 5 + -de0a0d?
-de0a08
In base 3, what is 11201 - 22021111000?
-22021022022
In base 10, what is 2525011 - 4?
2525007
In base 9, what is 5 + -10068741?
-10068735
In base 12, what is 11 - 41b226?
-41b215
In base 16, what is 19aa5d3 - -4?
19aa5d7
In base 7, what is 45 - -305610353?
305610431
In base 4, what is 22210220 - -2130?
22213010
In base 12, what is 0 - 19a3933?
-19a3933
In base 4, what is 2212 + -22303230?
-22301012
In base 8, what is 12405 + 34663?
47270
In base 10, what is -5 - 196905?
-196910
In base 2, what is -10111111110101100101 - 111010?
-10111111110110011111
In base 5, what is -2 - -220032123134?
220032123132
In base 12, what is 48 - -1a09?
1a55
In base 7, what is 444 + 3151322?
3152066
In base 9, what is 1460381 + 4?
1460385
In base 13, what is 3760 + 4a1?
3c31
In base 12, what is -bb3927 - -3?
-bb3924
In base 12, what is -13854723 + -2a?
-13854751
In base 10, what is -1025 - -2935?
1910
In base 4, what is -23120013 - -1023201?
-22030212
In base 4, what is 220311 - -1033032?
1320003
In base 9, what is 4758312 - 34?
4758267
In base 3, what is -2110 - 2011010101?
-2011012211
In base 9, what is -56100222 - 3?
-56100225
In base 2, what is 1001100111001001001 - -111000?
1001100111010000001
In base 5, what is -2 - 20232403311?
-20232403313
In base 3, what is 1200211202111100 - 0?
1200211202111100
In base 16, what is 2 + 1b7aab?
1b7aad
In base 11, what is -151a44 + -81?
-152015
In base 12, what is 452a0a - a?
452a00
In base 9, what is 3 + 206334817?
206334821
In base 15, what is 85e6 + -434d?
4298
In base 10, what is 82 + 102986?
103068
In base 5, what is -10004 + -4001?
-14010
In base 8, what is -16162 - 13002?
-31164
In base 7, what is -4332165056 - 6?
-4332165065
In base 13, what is 488011 + 21?
488032
In base 9, what is -148531270 - 7?
-148531277
In base 12, what is -23025 - -76a?
-22477
In base 13, what is -14 - -1a9b58?
1a9b44
In base 8, what is -1067703225 + -3?
-1067703230
In base 7, what is -6016653 - -1?
-6016652
In base 6, what is 2 + -1554015533?
-1554015531
In base 12, what is 2 + ba017?
ba019
In base 8, what is -1 + -14577534?
-14577535
In base 4, what is 111213203 - 30102?
111123101
In base 3, what is 2 + 20100201011102?
20100201011111
In base 3, what is -102011122 - -1020000?
-100221122
In base 3, what is 200022 - -20120011?
21020110
In base 10, what is -154161 - -274?
-153887
In base 5, what is 12320 - 1144222?
-1131402
In base 5, what is -20141301241 + 4?
-20141301232
In base 10, what is 32 + -6325316?
-6325284
In base 10, what is -484550 + -183?
-484733
In base 14, what is 13a17 + -27d3?
11224
In base 2, what is -111110011101100010 + -1100011?
-111110011111000101
In base 15, what is 773 - 5805?
-5082
In base 8, what is 1745 - 1622067?
-1620122
In base 13, what is -1 + -4542c97?
-4542c98
In base 16, what is -3c + 2b974?
2b938
In base 8, what is -1033 - 156015?
-157050
In base 3, what is 1111100001002 + 21?
1111100001100
In base 5, what is -322 - -12020321?
12014444
In base 11, what is 6 + -276902?
-2768a7
In base 14, what is 5 + -295513?
-29550c
In base 14, what is 3c5 + 188018?
1883dd
In base 14, what is -2 + 87a1d98?
87a1d96
In base 16, what is -236 + -620c7?
-622fd
In base 11, what is 378363 - 4?
37835a
In base 4, what is 11 - -300130223032?
300130223103
In base 8, what is 1 - 112246754?
-112246753
In base 5, what is 12 - 2332224032?
-2332224020
In base 5, what is 121323234 + -10?
121323224
In base 11, what is 7 + -5944926?
-594491a
In base 9, what is -1 - 4174710?
-4174711
In base 14, what is 2bb750 - 5?
2bb749
In base 5, what is -21113422 + -133020?
-21301442
In base 4, what is 3 + 330103212?
330103221
In base 14, what is 6942139 - 0?
6942139
In base 6, what is 41 - 514230?
-514145
In base 12, what is 70b86 + -29?
70b59
In base 6, what is -2011 + 12153132?
12151121
In base 3, what is 21 - -10100110201000?
10100110201021
In base 4, what is 1211121210 - -1?
1211121211
In base 4, what is 1 + 100213002313?
100213002320
In base 8, what is 6562 - -44?
6626
In base 3, what is 101021112001 - -21?
101021112022
In base 6, what is -114105135 - 25?
-114105204
In base 7, what is -12433 + 224534?
212101
In base 8, what is 15662 - 1306?
14354
In base 5, what is -143404 + 112324?
-31030
In base 6, what is -504401 + -2425?
-511230
In base 12, what is 302 + 255851?
255b53
In base 9, what is 1818 + 21822?
23741
In base 9, what is 144 + -1510744?
-1510600
In base 14, what